 - 114)) + -15.
91
11 + (56 + -109 - -5)
-37
What is (135 + -73 - 81) + 1 + 11 + -2?
-9
Evaluate 1 - -84 - (-3831 - -3920).
-4
-2 + 57 - (107 - (-44 - -142)) - 4
42
What is (57 - 0) + (-59 + 63 - (-6 - -30))?
37
What is (7 - (-34 + 12)) + (9 - 3)?
35
1 + -4 + (77 - 75) - 24
-25
-10847 + 10794 - (-83 + -1)
31
What is the value of 0 - -5 - 9 - (-9 + -27 - -60)?
-28
What is 35 + -16 + -19 - (7 + -12 + 10)?
-5
Calculate 26 + (59 - 63) - -28.
50
What is (32 + 0 - (-269 + 290)) + 7?
18
Evaluate (8 - (4 + -4)) + (19 + -14 + 6 - 9).
10
Evaluate -58 - (8 + -1 - -5 - 1).
-69
What is (22 + (19 - 26) - -2) + -24?
-7
Evaluate 11 + 38 + 13 - (2 + 6 + 2).
52
Calculate -60 + 262 + -86 + -43.
73
Evaluate -5 - (38 + -39 - -18).
-22
21 + (-34 + 98 - 83)
2
What is -1 + (9 + 10 - (3 - 5)) + (14 - 11)?
23
5 + 4 + (21 + -23 - -19)
26
What is the value of 267 + (144 - 426) + (2 - (2 - (-60 + 1)))?
-74
What is -7 + (5 - -17 - 11 - (-64 + -1)) + -8?
61
What is (-42 - ((20 - 9) + -31)) + 39?
17
-5 + -10 + (15 - (15 - 26)) + -3 + 16
24
Calculate (-18 - (-7 - -6 - 11)) + (-5 + 11 - -33).
33
(-3 - -6 - -76 - (-583 - -598)) + -13
51
Calculate -24 - (-1 + -180) - (104 + -69).
122
Evaluate 1 + 1 - (-15 - (28 + 23 + 15 + -28)).
55
9 - (-20 + 35) - (21 - (-5 + 2))
-30
Evaluate -11 + -16 + -2 + -50 + 58 + -26.
-47
44 + (-12 - (64 + -36))
4
Calculate 2 + -12 + -71 + (35 - -51) - 78.
-73
What is the value of -8 + (23 - 23) + 6 + -1 - (-3 + 37)?
-37
Evaluate -83 + -122 - -192 - (0 + -1 + -126).
114
Evaluate (146 - 70) + 46 + -111.
11
Evaluate 7 - -3 - (-129 - -128).
11
Calculate -16 + (5 + 2 - (57 - (0 + 13))).
-53
Evaluate -13 + (-15 - -41) + -3 - (15 - (0 - 2)).
-7
Evaluate -87 + -132 + 244 + 1 + -17.
9
What is 2 - (27 - (6 + (7 - (-8 - -9))))?
-13
Evaluate -75 - (5 - (0 - -5)) - (-37 - (-55 + 27)).
-66
What is -43 + -18 + 52 + -1 + (0 - 13)?
-23
Calculate -30 - (-19 + -28 + (-25 - 4)).
46
What is 242 + -183 - (-3 + 1 + (-10 + -4 - -5))?
70
Evaluate 191 + -34 + -216 - -59.
0
Calculate 33 - 21 - 9 - (-28 + 2 + -4).
33
What is (3 - 74) + 5 - (-3 + (-18 - -11) - -21)?
-77
What is (0 - -43) + 44 + -33 + 8 + (11 - 19)?
54
Calculate 10 - (8 + (-7 + (-24 - -22) - (2 - 43))).
-30
Calculate 17 + 20 + -30 - (37 - 34 - (1 + 25)).
30
What is (-35 - -87) + -14 - 78?
-40
What is the value of 2 - -53 - (5033 + -4983)?
5
1 - (4 - -17) - (-37 - -22)
-5
What is the value of (-57 + -11 - -97) + 41?
70
What is the value of -108 - (0 + (1 - 1)) - (-738 + 739)?
-109
Calculate (-23 - -11) + 10 + 0 - 53.
-55
(28 - (-23 + 23)) + 1 + 49
78
Evaluate 13 + (-108 - (6 - 67)).
-34
Evaluate (53 + -20 - 48) + 22 - (2 + (-49 - 0)).
54
70 - (-9 - -45) - 50
-16
Calculate -50 - -82 - 70 - (-12 + 2 + -2).
-26
Calculate 69 + 1 - (1233 + -1240).
77
What is the value of 1 + (-7 - (9 - (4 - -3))) + 17 - -9?
18
What is the value of 0 + 17 - 1 - (-108 + 66 + 93)?
-35
What is -1 + -1 + -3 + -82 + -28 + 24 + -4?
-95
What is -34 + 9 + (3 - -4) + -21 - 1?
-40
Evaluate (18 - (6 + -11)) + 104 + -47 + 12.
92
What is 4 - (-62 + -10 + 45)?
31
What is the value of (-1038 - -1039) + (-2 - (4 - 7 - (2 + -5)))?
-1
What is 80 + (-167 - (56 + -147))?
4
What is the value of (-85 - -77) + (-1 - 33) - -3 - 1?
-40
What is 22 + -11 + -8 - (1 + 27)?
-25
What is (15 - 1 - (-556 + 641)) + 9?
-62
1 - -6 - (-101 + 117) - 33
-42
Calculate -17 + 20 + 58 + (-6 + 0 - -9).
64
What is (54 - 33 - 14) + 30?
37
What is 53 + (21 - (-4 + 23 + 18))?
37
What is 34 - (64 + (12 - (-7 + -7)))?
-56
(-61 - (-92 - -48)) + 23
6
-81 + (-62 - -184 - 53)
-12
-214 - -223 - (-2 + 9 + (-3 - -4)) - -125
126
What is (14 - 11) + -15 + (13 - -1 - 1) - -73?
74
-151 + 8 - -8 - (-728 + 687)
-94
Calculate 22 - (0 + (-28 - -49 - 34)).
35
46 + (-1 - 1 - -1) + 224689 + -224685
49
What is the value of 50 - (56 + -107 - -148)?
-47
Evaluate 23 - (-41 + 36 + 49).
-21
Evaluate (-6 - -1) + (27 - 17) + -25 - -13.
-7
Calculate 0 + 1 + 24 + -3 + (15 - 10).
27
What is the value of 5 + 11 + (-1 - 9) + 30 - (-1 - 5)?
42
Evaluate ((2 - 1) + 0 - 4) + (62 - 9).
50
What is -1 + -21 - (-217 - -292 - (3 - -34))?
-60
Calculate -11 + 1 - (-14 - (-30 - (-41 + -4)) - 27).
46
What is -60 + 32 + 6 + -1 + -13?
-36
11 - (10 + -2) - (52 - 25 - 10)
-14
Evaluate -16 - (57 - (15 + 27 + -17)).
-48
What is the value of 90 - 3 - ((15 + -37 - -12) + 24 - 17)?
90
Calculate -20 + (5 - (5 + -26 + 18)) + -42.
-54
Evaluate -20 - (-51 + -29 + 52).
8
Evaluate -76 + 0 + 2 + (-8 - (29 + -40)).
-71
What is (-44 - 2) + (18 - (-15 - -28)) + 7?
-34
What is -265 - -253 - (0 - 9 - 5) - 41?
-39
Evaluate (-22 - -3) + (34 - -27).
42
Evaluate (-87 - (-9 + -56)) + 3 + 123.
104
Calculate 42 - (44 - 69 - -80).
-13
47 - (1 - (0 - 21) - (310 - 298))
37
140 + -132 + (0 - 1 - (317 + -407))
97
1 - (1 + (2 - 4)) - (416 - 411)
-3
Evaluate -30 - (-49 + 57 - 12).
-26
What is (-55 + 48 - (2 - -20)) + (9 - -3)?
-17
What is 9 + (-51 - -42 - (-5 + 1)) - -3 - -54?
61
Evaluate 17 + -13 + -89 - (0 + 3 + -8 - 6).
-74
-22 + 9 + 17 + 118 + -70
52
0 + 24 - ((213 - 140) + -139)
90
Calculate -16 + -1 - ((38 - 100) + 30).
15
Calculate 17 - (-134 - (6 + -14 - (-10 + 2))).
151
Evaluate 0 + -1 + 6 + -15 - (23 - (48 + -14)).
1
-23 - -18 - ((14 - (-4 + 12)) + 24)
-35
What is (-1 - -2) + 62 + -78 + -23?
-38
What is -32 + (-72 - -47 - -69)?
12
-11 - (-63 - (67 + -65) - (0 - 1))
53
-221 + 197 + (75 - -2)
53
What is (-103 - -97) + (143 - 103)?
34
Evaluate -3 - (1 + -2) - (3 - (35 - -11 - 130)).
-89
Calculate 98 - (38 - -7) - 27.
26
(1 - -146 - 161) + (-55 - 1)
-70
Calculate (5 - 1 - (-14 + 24 + -18)) + 11.
23
What is (40 + 19 - (25 + 9)) + 36?
61
Evaluate 7 + -38 + 11 + 28 - (-2 + 75).
-65
What is the value of 0 + 3 + 11 - (33 + 50 + 3)?
-72
Calculate 15 - (-3 + 22 + (-20 - 3)).
19
13 + 57 + -86 + 19 + -1 + -12
-10
Calculate -19 - ((-17 - (20 - 36)) + 4).
-22
5 + 17 + -21 + (7 - 8) + -18
-18
Calculate -14 + -3 + (-8 + 14 + 4 - (0 - -7)).
-14
What is the value of 26 + -11 - 130 - ((-13 - 2) + 13 - 13)?
-100
(22 - (13 - -28)) + 41
22
Calculate 26 - (-22 + 13 + (-4 - -18)).
21
Calculate 5 + -5 + -8 + 13 + 30 + -4.
31
What is (11 - -9) + (20 - (11 + 20)) + -2?
7
What is the value of 71 - (116 + 70 + -130)?
15
137 + (43 - 328) + (9 - -1)
-138
What is the value of 1695 + -1731 - (3 + 2)?
-41
Calculate (-2 - (20 + -10)) + 1 + 0 + -76 - 5.
-92
What is the value of (6 - (-5 + 1 + 11)) + 12 + (38 - 3)?
46
Evaluate -27 - (-31 + (-38 - -35)).
7
Evaluate (-885 + 880 - (-1 + -4 + 6)) + -19 + 1.
-24
What is -39 + 38 + 29 + (-1 - -10) - (2 + 9)?
26
Evaluate 0 + -5 + (7 - (2 - 0)) + -18 + -47.
-65
Evaluate 48 - (47 + (-11 - -29 - 21)).
4
Evaluate -36 + 27 - (-64 + 4).
51
Evaluate 2 - (-1 + 2) - (-32 - -5 - (9 - 82)).
-45
Calculate (-76 - (3 - (1 + 6))) + -10 + -2 + 19.
-65
Evaluate -1 + (-24 - 3) - (27 + 1).
-56
Evaluate (0 - 87) + (-63 - 241) + 293.
-98
What is the value of -11 + -3 + (-10 + 21 - 3) + 11 - 56?
-51
What is -19 + -7 + (34 - 14) + -15 + 1?
-20
167 - (-59 - -220) - (-1 + -89)
96
Evaluate (-2 - -9) + 44 + (0 - (13 - -1)).
37
Calculate -36 - (-55 + -4 + -2).
25
What is the value of -2961 + 2823 + (7 - 6) + 33?
-104
Evaluate 38 - (-7 + 78 + 17).
-50
What is (-168 + 75 - -78) + -85 + 5 + -3?
-98
Calculate 47 + 4 + 0 + (17 - (-5 - -35)).
38
What is (13 + -4 - 40) + 29 + -97?
-99
What is 11 + (41 - 48) - (-5 + 71)?
-62
Evaluate -138 - (66 - (81 - -103)).
-20
What is (24 + 1 - (85 + -30)) + 2 + -14?
-42
What is the value of 3 - -24 - ((1 - -7) + -21)?
40
(1 + -2 - 6) + (23 - (-33 - -63))
-14
What is -45 + -13 - (-40 - -6) - 28?
-52
Evaluate -1365 + 1385 + (5 - 134) + -7.
-116
Calculate -22 + -34 + 34 + 15.
-7
What is the value of 4 + (0 - 49) + -12 - (-12 - -3 - 5)?
-43
(0 - 10) + -95 - (-9 - (-15 + -1 + 10))
-102
Evaluate 50 - (19 + (90 - 33)).
-26
What is (-20 - -8 - (31 - 49)) + 13?
19
What is the value of (17 - 3 - (5 - (-3 - 5))) + 8?
9
What is (20 - -24) + -178 - -24 - (-1 + (-9 - -1))?
-101
Calculate (-15 - 4) + -3 - (-7 + -7 - -8 - 3).
-13
Calculate (-57 - (17 + 53)) + 143.
16
Calculate -5 + -27 + 3 + 5 + 54.
30
1 + -14 + (-25 - -16 - -46)
24
20 - 2 - (-191 + 218) - (-24 - -3 - -2)
10
What is the value of 3010 + -3011 + (0 - 1 - 14) + (-2 - -2)?
-16
Calculate (-19 - (-1 - -3 - 6)) + 38 + -41 - -5.
-13
Calculate -20 + 29 + -11 + 7 + 11 - 106.
-90
6 - (-2 + (-2 - -23))